{"id":68,"date":"2025-03-05T09:40:47","date_gmt":"2025-03-05T01:40:47","guid":{"rendered":"https:\/\/rdo.wfu.edu.tw\/is-career\/?page_id=68"},"modified":"2025-05-23T10:18:54","modified_gmt":"2025-05-23T02:18:54","slug":"recruitment","status":"publish","type":"page","link":"https:\/\/rdo.wfu.edu.tw\/is-career\/recruitment\/","title":{"rendered":"\u4f01\u696d\u5fb5\u624d"},"content":{"rendered":"\n<div class=\"wp-block-group\"><div class=\"wp-block-group__inner-container is-layout-constrained wp-block-group-is-layout-constrained\">\n<p><strong><em>\u7dda\u4e0a\u5fb5\u624d<\/em><\/strong><\/p>\n\n\n\n<ul class=\"wp-block-list\">\n<li><a href=\"https:\/\/event.1111.com.tw\/event24\/overseas\/index\" target=\"_blank\" rel=\"noreferrer noopener\">1111\u4eba\u529b\u9280\u884c\u50d1\u5916\u751f\u7dda\u4e0a\u5fb5\u624d\u535a\u89bd\u6703<\/a><\/li>\n<\/ul>\n\n\n\n<p><em><strong>\u5b78\u6821\u5fb5\u624d\u8cc7\u8a0a<\/strong><\/em><\/p>\n\n\n\n<ul class=\"wp-block-list\">\n<li><a href=\"https:\/\/campus.wfu.edu.tw\/CampusNews\/IISystem\/MsgManager\/showNews\/NewsV1\/newsList.jspf?Layout_ID=109\" target=\"_blank\" rel=\"noreferrer noopener\">\u4f01\u696d\u5fb5\u624d\u8a0a\u606f\u6b04<\/a><\/li>\n\n\n\n<li><a href=\"https:\/\/www.facebook.com\/Wufengcareer\" target=\"_blank\" rel=\"noreferrer noopener\">\u5433\u9cf3\u79d1\u5927\u5c31\u696d\u66a8\u6821\u53cb\u670d\u52d9\u7d44(FB\u7c89\u7d72\u5c08\u9801)<\/a><\/li>\n<\/ul>\n\n\n\n<p><em><strong>\u5b78\u751f\u5c0b\u8077\u770b\u677f<\/strong><\/em> (\u7531\u672c\u6821\u7522\u696d\u7d93\u7406\u4eba\u8207\u5404\u5927\u4f01\u696d\u806f\u7e6b\u6d3d\u8a62\u5f8c\u6240\u7522\u51fa\u4e4b\u5404\u9805\u8077\u7f3a\u8cc7\u8a0a)<\/p>\n\n\n\n<ul class=\"wp-block-list\">\n<li><a href=\"https:\/\/win.wfu.edu.tw\/course\/view.php?id=5031\" target=\"_blank\" rel=\"noreferrer noopener\">\u5b78\u751f\u6c42\u8077\u767b\u8a18<\/a> <strong>\u0110\u0103ng k\u00fd xin vi\u1ec7c cho sinh vi\u00ean<\/strong> (\u53e6\u958b\u8996\u7a97\uff0c\u5b78\u6821email\u5e33\u5bc6\u767b\u5165\uff0c\u7b2c1\u6b21\u767b\u5165\u8005\uff0c\u8acb\u9ede\u9078\u52a0\u5165\u8ab2\u7a0b) (M\u1edf m\u1ed9t c\u1eeda s\u1ed5 kh\u00e1c, \u0111\u0103ng nh\u1eadp b\u1eb1ng t\u00e0i kho\u1ea3n email v\u00e0 m\u1eadt kh\u1ea9u c\u1ee7a tr\u01b0\u1eddng, l\u1ea7n \u0111\u1ea7u ti\u00ean \u0111\u0103ng nh\u1eadp, vui l\u00f2ng nh\u1ea5p \u0111\u1ec3 tham gia kh\u00f3a h\u1ecdc)<\/li>\n<\/ul>\n\n\n\n<p><em><strong>\u4f01\u696d\u5fb5\u624d<\/strong><\/em> <strong>doanh nghi\u1ec7p tuy\u1ec3n d\u1ee5ng<\/strong><\/p>\n\n\n\n<ul class=\"wp-block-list\">\n<li><a href=\"https:\/\/sites.google.com\/view\/2023-da-bu-mei\/%E5%A4%A7%E5%9F%94%E7%BE%8E%E8%81%B7%E7%BC%BA%E6%8B%9B%E5%8B%9F\" target=\"_blank\" rel=\"noreferrer noopener\">\u5927\u57d4\u7f8e\u7cbe\u5bc6\u5712\u5340\u4eba\u624d\u62db\u52df\u8077\u7f3a\u8a0a\u606f<\/a><\/li>\n\n\n\n<li><a href=\"https:\/\/sites.google.com\/view\/2023-da-bu-mei\/%E9%A6%AC%E7%A8%A0%E5%BE%8C%E8%81%B7%E7%BC%BA%E6%8B%9B%E5%8B%9F\" target=\"_blank\" rel=\"noreferrer noopener\">\u99ac\u7a20\u5f8c\u7522\u696d\u5712\u5340\u4eba\u624d\u62db\u52df\u8077\u7f3a\u8a0a\u606f<\/a><\/li>\n<\/ul>\n\n\n\n<p><em><strong>\u5ee0\u5546\u8cc7\u6599\u5c08\u5340<\/strong><\/em> (\u6821\u5167\u5c08\u7528-\u7531\u672c\u6821\u7522\u696d\u7d93\u7406\u4eba\u8207\u5404\u5927\u4f01\u696d\u806e\u7e6b\u6d3d\u8a62\u5f8c\u6240\u7522\u51fa)<\/p>\n\n\n\n<ul class=\"wp-block-list\">\n<li><a href=\"https:\/\/win.wfu.edu.tw\/course\/view.php?id=5977\" target=\"_blank\" rel=\"noreferrer noopener\">\u5ee0\u5546\u57fa\u672c\u8cc7\u6599\u8868<\/a><\/li>\n<\/ul>\n\n\n\n<p><em><strong>\u5ee0\u5546\u6c42\u624d\u767b\u8a18 (\u8acb\u64c7\u4e00)<\/strong><\/em><\/p>\n\n\n\n<ul class=\"wp-block-list\">\n<li><a href=\"https:\/\/forms.gle\/auWZbptr5gUAbzzp8\" target=\"_blank\" rel=\"noreferrer noopener\">\u5ee0\u5546\u6c42\u624d\u767b\u8a18 (\u7dda\u4e0a\u8868\u55ae\u586b\u5beb)<\/a><\/li>\n\n\n\n<li><a href=\"http:\/\/rdo.wfu.edu.tw\/is-career\/wp-content\/uploads\/sites\/13\/2025\/03\/\u5433\u9cf3\u79d1\u6280\u5927\u5b78\u4f01\u696d\u6c42\u624d\u767b\u8a18\u8868\u4e00\u822c\u5fb5\u624d1101111.odt\" target=\"_blank\" rel=\"noreferrer noopener\">\u5ee0\u5546\u6c42\u624d\u767b\u8a18 <\/a>(\u7d19\u672c\u50b3\u771f\u6216\u6a94\u6848\u56de\u50b3empiy@wfu.edu.tw)<\/li>\n<\/ul>\n<\/div><\/div>\n\n\n\n<p><\/p>\n\n\n\n<p>\u793e\u6703\u65b0\u9bae\u4eba\u3001\u6c42\u8077\u8005\u53ca\u6253\u5de5\u65cf\u7d1b\u7d1b\u9032\u5165\u8077\u5834\uff0c\u70ba\u907f\u514d\u6c42\u8077\u8005\u8aa4\u5165\u6c42\u8077\u9677\u9631\uff0c\u63d0\u9192\u6c42\u8077\u8005\uff0c\u6c42\u8077\u6642\u8acb\u5207\u8a18\u3010\u4e0d\u7e73\u9322\u3001\u4e0d\u8cfc\u8cb7\u3001\u4e0d\u8fa6\u5361\u3001\u4e0d\u96a8\u610f\u7c3d\u7d04\u3001\u8b49\u4ef6\u4e0d\u96e2\u8eab\u3001\u4e0d\u98f2\u7528\u3001\u4e0d\u975e\u6cd5\u5de5\u4f5c\u3011\u300d\u53ca\u3010\u8981\u544a\u77e5\u3001\u8981\u78ba\u5b9a\u3001\u8981\u5b58\u7591\u3011\u7b497\u4e0d3\u8981\u539f\u5247\u3002<\/p>\n","protected":false},"excerpt":{"rendered":"<p>\u7dda\u4e0a\u5fb5\u624d \u5b78\u6821\u5fb5\u624d\u8cc7\u8a0a \u5b78\u751f\u5c0b\u8077\u770b\u677f (\u7531\u672c\u6821\u7522\u696d\u7d93\u7406\u4eba\u8207\u5404\u5927\u4f01\u696d\u806f\u7e6b\u6d3d\u8a62\u5f8c\u6240\u7522\u51fa\u4e4b\u5404\u9805\u8077\u7f3a\u8cc7\u8a0a) \u4f01\u696d\u5fb5\u624d  [&hellip;]<\/p>\n","protected":false},"author":46,"featured_media":0,"parent":0,"menu_order":0,"comment_status":"closed","ping_status":"closed","template":"","meta":{"footnotes":""},"class_list":["post-68","page","type-page","status-publish","hentry"],"yoast_head":"<!-- This site is optimized with the Yoast SEO plugin v26.9 - https:\/\/yoast.com\/product\/yoast-seo-wordpress\/ -->\n<title>\u4f01\u696d\u5fb5\u624d - \u5433\u9cf3\u79d1\u6280\u5927\u5b78\u570b\u969b\u751f\u7559\u81fa\u5c31\u696d\u8f14\u5c0e\u8a08\u756b\u8fa6\u516c\u5ba4<\/title>\n<meta name=\"robots\" content=\"index, follow, max-snippet:-1, max-image-preview:large, max-video-preview:-1\" \/>\n<link rel=\"canonical\" href=\"https:\/\/rdo.wfu.edu.tw\/is-career\/recruitment\/\" \/>\n<meta property=\"og:locale\" content=\"zh_TW\" \/>\n<meta property=\"og:type\" content=\"article\" \/>\n<meta property=\"og:title\" content=\"\u4f01\u696d\u5fb5\u624d - \u5433\u9cf3\u79d1\u6280\u5927\u5b78\u570b\u969b\u751f\u7559\u81fa\u5c31\u696d\u8f14\u5c0e\u8a08\u756b\u8fa6\u516c\u5ba4\" \/>\n<meta property=\"og:description\" content=\"\u7dda\u4e0a\u5fb5\u624d \u5b78\u6821\u5fb5\u624d\u8cc7\u8a0a \u5b78\u751f\u5c0b\u8077\u770b\u677f (\u7531\u672c\u6821\u7522\u696d\u7d93\u7406\u4eba\u8207\u5404\u5927\u4f01\u696d\u806f\u7e6b\u6d3d\u8a62\u5f8c\u6240\u7522\u51fa\u4e4b\u5404\u9805\u8077\u7f3a\u8cc7\u8a0a) \u4f01\u696d\u5fb5\u624d [&hellip;]\" \/>\n<meta property=\"og:url\" content=\"https:\/\/rdo.wfu.edu.tw\/is-career\/recruitment\/\" \/>\n<meta property=\"og:site_name\" content=\"\u5433\u9cf3\u79d1\u6280\u5927\u5b78\u570b\u969b\u751f\u7559\u81fa\u5c31\u696d\u8f14\u5c0e\u8a08\u756b\u8fa6\u516c\u5ba4\" \/>\n<meta property=\"article:modified_time\" content=\"2025-05-23T02:18:54+00:00\" \/>\n<meta name=\"twitter:card\" content=\"summary_large_image\" \/>\n<script type=\"application\/ld+json\" class=\"yoast-schema-graph\">{\"@context\":\"https:\/\/schema.org\",\"@graph\":[{\"@type\":\"WebPage\",\"@id\":\"https:\/\/rdo.wfu.edu.tw\/is-career\/recruitment\/\",\"url\":\"https:\/\/rdo.wfu.edu.tw\/is-career\/recruitment\/\",\"name\":\"\u4f01\u696d\u5fb5\u624d - \u5433\u9cf3\u79d1\u6280\u5927\u5b78\u570b\u969b\u751f\u7559\u81fa\u5c31\u696d\u8f14\u5c0e\u8a08\u756b\u8fa6\u516c\u5ba4\",\"isPartOf\":{\"@id\":\"https:\/\/rdo.wfu.edu.tw\/is-career\/#website\"},\"datePublished\":\"2025-03-05T01:40:47+00:00\",\"dateModified\":\"2025-05-23T02:18:54+00:00\",\"breadcrumb\":{\"@id\":\"https:\/\/rdo.wfu.edu.tw\/is-career\/recruitment\/#breadcrumb\"},\"inLanguage\":\"zh-TW\",\"potentialAction\":[{\"@type\":\"ReadAction\",\"target\":[\"https:\/\/rdo.wfu.edu.tw\/is-career\/recruitment\/\"]}]},{\"@type\":\"BreadcrumbList\",\"@id\":\"https:\/\/rdo.wfu.edu.tw\/is-career\/recruitment\/#breadcrumb\",\"itemListElement\":[{\"@type\":\"ListItem\",\"position\":1,\"name\":\"\u9996\u9801\",\"item\":\"https:\/\/rdo.wfu.edu.tw\/is-career\/\"},{\"@type\":\"ListItem\",\"position\":2,\"name\":\"\u4f01\u696d\u5fb5\u624d\"}]},{\"@type\":\"WebSite\",\"@id\":\"https:\/\/rdo.wfu.edu.tw\/is-career\/#website\",\"url\":\"https:\/\/rdo.wfu.edu.tw\/is-career\/\",\"name\":\"\u5433\u9cf3\u79d1\u6280\u5927\u5b78\u570b\u969b\u751f\u7559\u81fa\u5c31\u696d\u8f14\u5c0e\u8a08\u756b\u8fa6\u516c\u5ba4\",\"description\":\"\u70ba\u63d0\u9ad8\u672c\u6821\u570b\u969b\u751f\u7562\u696d\u5f8c\u7559\u81fa\u5c31\u696d\u6bd4\u7387\uff0c\u5efa\u7acb\u6821\u5167\u8077\u6daf\u8aee\u8a62\u53ca\u5c31\u696d\u8f14\u5c0e\u6a5f\u5236\uff0c\u9054\u6210\u4fc3\u9032\u512a\u79c0\u570b\u969b\u5b78\u751f\u4f86\u81fa\u7559\u5b78\u4e26\u7559\u81fa\u5c31\u696d\u4e4b\u76ee\u6a19\u3002\",\"potentialAction\":[{\"@type\":\"SearchAction\",\"target\":{\"@type\":\"EntryPoint\",\"urlTemplate\":\"https:\/\/rdo.wfu.edu.tw\/is-career\/?s={search_term_string}\"},\"query-input\":{\"@type\":\"PropertyValueSpecification\",\"valueRequired\":true,\"valueName\":\"search_term_string\"}}],\"inLanguage\":\"zh-TW\"}]}<\/script>\n<!-- \/ Yoast SEO plugin. -->","yoast_head_json":{"title":"\u4f01\u696d\u5fb5\u624d - \u5433\u9cf3\u79d1\u6280\u5927\u5b78\u570b\u969b\u751f\u7559\u81fa\u5c31\u696d\u8f14\u5c0e\u8a08\u756b\u8fa6\u516c\u5ba4","robots":{"index":"index","follow":"follow","max-snippet":"max-snippet:-1","max-image-preview":"max-image-preview:large","max-video-preview":"max-video-preview:-1"},"canonical":"https:\/\/rdo.wfu.edu.tw\/is-career\/recruitment\/","og_locale":"zh_TW","og_type":"article","og_title":"\u4f01\u696d\u5fb5\u624d - \u5433\u9cf3\u79d1\u6280\u5927\u5b78\u570b\u969b\u751f\u7559\u81fa\u5c31\u696d\u8f14\u5c0e\u8a08\u756b\u8fa6\u516c\u5ba4","og_description":"\u7dda\u4e0a\u5fb5\u624d \u5b78\u6821\u5fb5\u624d\u8cc7\u8a0a \u5b78\u751f\u5c0b\u8077\u770b\u677f (\u7531\u672c\u6821\u7522\u696d\u7d93\u7406\u4eba\u8207\u5404\u5927\u4f01\u696d\u806f\u7e6b\u6d3d\u8a62\u5f8c\u6240\u7522\u51fa\u4e4b\u5404\u9805\u8077\u7f3a\u8cc7\u8a0a) \u4f01\u696d\u5fb5\u624d [&hellip;]","og_url":"https:\/\/rdo.wfu.edu.tw\/is-career\/recruitment\/","og_site_name":"\u5433\u9cf3\u79d1\u6280\u5927\u5b78\u570b\u969b\u751f\u7559\u81fa\u5c31\u696d\u8f14\u5c0e\u8a08\u756b\u8fa6\u516c\u5ba4","article_modified_time":"2025-05-23T02:18:54+00:00","twitter_card":"summary_large_image","schema":{"@context":"https:\/\/schema.org","@graph":[{"@type":"WebPage","@id":"https:\/\/rdo.wfu.edu.tw\/is-career\/recruitment\/","url":"https:\/\/rdo.wfu.edu.tw\/is-career\/recruitment\/","name":"\u4f01\u696d\u5fb5\u624d - \u5433\u9cf3\u79d1\u6280\u5927\u5b78\u570b\u969b\u751f\u7559\u81fa\u5c31\u696d\u8f14\u5c0e\u8a08\u756b\u8fa6\u516c\u5ba4","isPartOf":{"@id":"https:\/\/rdo.wfu.edu.tw\/is-career\/#website"},"datePublished":"2025-03-05T01:40:47+00:00","dateModified":"2025-05-23T02:18:54+00:00","breadcrumb":{"@id":"https:\/\/rdo.wfu.edu.tw\/is-career\/recruitment\/#breadcrumb"},"inLanguage":"zh-TW","potentialAction":[{"@type":"ReadAction","target":["https:\/\/rdo.wfu.edu.tw\/is-career\/recruitment\/"]}]},{"@type":"BreadcrumbList","@id":"https:\/\/rdo.wfu.edu.tw\/is-career\/recruitment\/#breadcrumb","itemListElement":[{"@type":"ListItem","position":1,"name":"\u9996\u9801","item":"https:\/\/rdo.wfu.edu.tw\/is-career\/"},{"@type":"ListItem","position":2,"name":"\u4f01\u696d\u5fb5\u624d"}]},{"@type":"WebSite","@id":"https:\/\/rdo.wfu.edu.tw\/is-career\/#website","url":"https:\/\/rdo.wfu.edu.tw\/is-career\/","name":"\u5433\u9cf3\u79d1\u6280\u5927\u5b78\u570b\u969b\u751f\u7559\u81fa\u5c31\u696d\u8f14\u5c0e\u8a08\u756b\u8fa6\u516c\u5ba4","description":"\u70ba\u63d0\u9ad8\u672c\u6821\u570b\u969b\u751f\u7562\u696d\u5f8c\u7559\u81fa\u5c31\u696d\u6bd4\u7387\uff0c\u5efa\u7acb\u6821\u5167\u8077\u6daf\u8aee\u8a62\u53ca\u5c31\u696d\u8f14\u5c0e\u6a5f\u5236\uff0c\u9054\u6210\u4fc3\u9032\u512a\u79c0\u570b\u969b\u5b78\u751f\u4f86\u81fa\u7559\u5b78\u4e26\u7559\u81fa\u5c31\u696d\u4e4b\u76ee\u6a19\u3002","potentialAction":[{"@type":"SearchAction","target":{"@type":"EntryPoint","urlTemplate":"https:\/\/rdo.wfu.edu.tw\/is-career\/?s={search_term_string}"},"query-input":{"@type":"PropertyValueSpecification","valueRequired":true,"valueName":"search_term_string"}}],"inLanguage":"zh-TW"}]}},"_links":{"self":[{"href":"https:\/\/rdo.wfu.edu.tw\/is-career\/wp-json\/wp\/v2\/pages\/68","targetHints":{"allow":["GET"]}}],"collection":[{"href":"https:\/\/rdo.wfu.edu.tw\/is-career\/wp-json\/wp\/v2\/pages"}],"about":[{"href":"https:\/\/rdo.wfu.edu.tw\/is-career\/wp-json\/wp\/v2\/types\/page"}],"author":[{"embeddable":true,"href":"https:\/\/rdo.wfu.edu.tw\/is-career\/wp-json\/wp\/v2\/users\/46"}],"replies":[{"embeddable":true,"href":"https:\/\/rdo.wfu.edu.tw\/is-career\/wp-json\/wp\/v2\/comments?post=68"}],"version-history":[{"count":34,"href":"https:\/\/rdo.wfu.edu.tw\/is-career\/wp-json\/wp\/v2\/pages\/68\/revisions"}],"predecessor-version":[{"id":578,"href":"https:\/\/rdo.wfu.edu.tw\/is-career\/wp-json\/wp\/v2\/pages\/68\/revisions\/578"}],"wp:attachment":[{"href":"https:\/\/rdo.wfu.edu.tw\/is-career\/wp-json\/wp\/v2\/media?parent=68"}],"curies":[{"name":"wp","href":"https:\/\/api.w.org\/{rel}","templated":true}]}}